).
-32
Let o(v) = -v**3 - 11*v**2 + 8. Determine o(0).
8
Let a(d) = 4*d**2 + 19*d - 22. Calculate a(-5).
-17
Let q(p) = p**2 + 25*p - 160. What is q(-31)?
26
Let t(q) = -5*q**2 + 356*q + 1415. Give t(75).
-10
Let w(t) = 21*t. Give w(10).
210
Let u(s) = 270*s + 2157. What is u(-8)?
-3
Let m(x) = -2*x + 41. What is m(34)?
-27
Let m(d) = d**2 - 117*d - 828. Give m(-7).
40
Let w(i) = -22*i + 691. Calculate w(11).
449
Let c(x) = -x**2 + 60*x + 1897. Determine c(83).
-12
Let s(c) = -54*c**2 - 17*c - 41. What is s(-4)?
-837
Let i(h) = -12*h**2 + 67*h + 28. Calculate i(0).
28
Let q(m) = -34*m - 256. Calculate q(-6).
-52
Let v(c) = -1308*c - 39230. What is v(-30)?
10
Let k(g) = 3*g**2 - 147*g - 74. Calculate k(49).
-74
Let g(f) = -f**3 - 10*f**2 + 16*f - 325. What is g(-14)?
235
Let c(n) = 38*n + 26. What is c(1)?
64
Let t(w) = -135*w + 3794. What is t(28)?
14
Let p(o) = 2*o**2 - 37*o + 182. Determine p(9).
11
Let p(n) = 225*n + 4281. Give p(-19).
6
Let q(v) = 70*v + 7220. Determine q(-104).
-60
Let z(i) = 4*i**2 - 35*i + 22. Calculate z(5).
-53
Let w(u) = -u**2 - 85*u - 1762. What is w(-37)?
14
Let q(t) = 5*t**2 - 58*t - 410. Determine q(17).
49
Let v(u) = -43*u + 1212. What is v(28)?
8
Let n(x) = -x**3 - 13*x**2 - 38*x - 77. Calculate n(-10).
3
Let n(f) = f**2 - 51*f - 10042. Give n(129).
20
Let g(w) = -w**3 - 4*w**2 + 314*w - 863. Give g(14).
5
Let q(h) = 2*h**3 - 199*h**2 + 96*h + 286. Give q(99).
-11
Let i(r) = 276*r - 48847. Determine i(177).
5
Let s(w) = -w**3 + 12*w**2 - 34. Give s(13).
-203
Let s(v) = -v**2 + 66*v + 245. Give s(64).
373
Let a(l) = 20*l - 520. Give a(26).
0
Let s(g) = -g**3 - 21*g**2 + 43*g + 8. Determine s(-23).
77
Let a(t) = t**2 + 20*t - 143. Determine a(5).
-18
Let h(y) = 9*y + 211. Calculate h(-6).
157
Let l(a) = -a**2 - 12*a - 24. Determine l(-3).
3
Let o(r) = -r**3 - 10*r**2 + 4*r + 28. Calculate o(-5).
-117
Let r(h) = -h**3 + 11*h**2 + h - 201. Calculate r(8).
-1
Let y(h) = -1327*h + 1221. What is y(1)?
-106
Let c(i) = 21*i**2 + i. Give c(-2).
82
Let w(o) = -9*o**3 - 2*o**2 - 35*o + 9. Calculate w(0).
9
Let t(i) = i**3 + 11*i**2 + 58*i + 262. Give t(-8).
-10
Let i(a) = 2*a**3 + 108*a**2 + 305*a - 44. Calculate i(-51).
7
Let z(t) = -t**3 + 85*t**2 + t - 102. Give z(0).
-102
Let i(z) = 301*z + 293. Determine i(-1).
-8
Let a(c) = 21310*c + 277025. Determine a(-13).
-5
Let k(w) = -30*w**2 - 3274*w - 466. Give k(-109).
-30
Let w(l) = 130*l**2 - 8838*l - 137. Determine w(68).
-1
Let q(x) = x**3 - 8*x**2 - 27*x + 184. Determine q(10).
114
Let s(x) = -242*x + 3626. What is s(15)?
-4
Let g(k) = 11249*k - 22481. Determine g(2).
17
Let u(p) = -40*p - 1842. What is u(-46)?
-2
Let o(q) = 2*q**2 + 2*q - 14. Calculate o(0).
-14
Let b(s) = -2*s**3 + 269*s**2 - 124*s - 1337. Give b(134).
3
Let q(x) = -x**3 + 12*x**2 + 43*x - 23. Calculate q(15).
-53
Let s(a) = 124*a + 25045. Give s(-202).
-3
Let f(l) = 47*l**2 - 167*l + 166. Give f(1).
46
Let s(n) = n**3 + 40*n**2 - 37*n + 31. Give s(-41).
-133
Let c(r) = -56*r**2 - 36*r + 9. Determine c(4).
-1031
Let c(w) = 2627*w + 204907. Determine c(-78).
1
Let x(z) = -30*z**3 - 5*z**2 + 17*z - 14. Determine x(1).
-32
Let q(n) = -718*n - 58185. Determine q(-81).
-27
Let c(w) = w**2 - 50*w - 152. Give c(-4).
64
Let p(b) = -25*b**2 - 104*b - 30. What is p(-3)?
57
Let s(o) = 2*o**3 - 33*o**2 - 98*o + 61. Calculate s(19).
4
Let n(t) = 9*t - 75. What is n(9)?
6
Let j(i) = -177*i**2 - 38*i + 38. Calculate j(1).
-177
Let a(c) = -2*c**3 + 22*c**2 + 26*c + 45. Calculate a(12).
69
Let f(o) = -5*o**2 + 26*o + 2. Calculate f(6).
-22
Let x(w) = 11*w - 89. Give x(11).
32
Let s(x) = -3*x**3 + 5*x**2 - 16*x + 43. What is s(3)?
-41
Let k(x) = -x**2 - 432*x - 19062. Calculate k(-50).
38
Let j(r) = r**2 - 32*r - 1269. Calculate j(-23).
-4
Let x(r) = r**3 + 171*r**2 + 204*r + 5765. Determine x(-170).
-15
Let j(b) = b**3 - 82*b**2 - 5*b + 406. Determine j(82).
-4
Let t(f) = -26*f**2 + 180*f + 10. Give t(7).
-4
Let t(s) = -187*s - 227. Give t(0).
-227
Let h(c) = 323*c - 21643. Determine h(67).
-2
Let q(i) = i**2 + 5*i - 32. Calculate q(-8).
-8
Let w(n) = 3*n**3 + 8*n**2 - 10. What is w(3)?
143
Let w(a) = 281*a + 384. Calculate w(-2).
-178
Let i(j) = 3*j**3 + 6*j**2 - 5*j - 19. Give i(-2).
-9
Let g(l) = -l**3 - 9*l**2 + 213*l - 101. Determine g(-20).
39
Let v(t) = -269*t**2 - 2*t + 7. Calculate v(-1).
-260
Let q(y) = -y**2 - 15*y + 142. What is q(6)?
16
Let o(j) = 3*j**2 + 456*j - 459. What is o(-153)?
0
Let f(a) = 7*a**2 + 160*a + 864. Determine f(-9).
-9
Let g(p) = -p**3 - p**2 + 35*p + 3. Give g(0).
3
Let s(u) = 74*u - 13905. Determine s(188).
7
Let z(g) = 241*g + 2397. Calculate z(-10).
-13
Let v(d) = d**3 + 14*d**2 + 32*d + 39. What is v(-9)?
156
Let k(x) = -x**3 + 40*x**2 - 178*x + 102. What is k(35)?
-3
Let r(b) = -b**3 + 6*b**2 - 2*b - 2. Give r(7).
-65
Let p(o) = -6*o**2 - 124*o + 3057. Determine p(-35).
47
Let x(d) = -d**3 + 3*d**2 + 10*d - 7. What is x(5)?
-7
Let n(p) = -2*p**3 + 51*p**2 + 27*p - 27. Calculate n(26).
-1
Let u(l) = -l**3 - 6*l**2 + 4*l - 17. Give u(-7).
4
Let j(v) = -3*v**2 - 123*v + 17. Calculate j(-41).
17
Let x(i) = -4*i**3 - 90*i**2 - 198*i + 21. Calculate x(-20).
-19
Let b(k) = 180*k - 7746. What is b(43)?
-6
Let n(k) = -36*k + 853. What is n(25)?
-47
Let g(h) = 149*h - 697. What is g(9)?
644
Let g(z) = 2*z**3 + z - 67. Give g(0).
-67
Let v(z) = 23*z + 1852. Determine v(-81).
-11
Let n(f) = 473*f + 54391. Give n(-115).
-4
Let b(c) = -c**3 - 17*c**2 - 30*c. What is b(-15)?
0
Let z(c) = -c**2 - 6*c + 5. What is z(7)?
-86
Let w(h) = 3*h**2 + 96*h + 88. Give w(-27).
-317
Let j(q) = q**3 - 16*q**2 - 80*q + 765. What is j(18)?
-27
Let y(l) = -92*l - 182. Determine y(-2).
2
Let w(b) = b**3 - 23*b**2 + 114*b - 22. Give w(16).
10
Let t(w) = -w**3 + w**2 + 171*w + 160. Calculate t(14).
6
Let v(p) = p - 31. Calculate v(-12).
-43
Let k(f) = 7*f**2 - 47*f + 35. What is k(9)?
179
Let d(o) = 32*o - 264. What is d(9)?
24
Let c(n) = n**3 + 16*n**2 + 13*n - 216. Calculate c(-14).
-6
Let t(x) = -46*x**2 + 2162*x - 1. What is t(47)?
-1
Let h(p) = -p**2 - 697*p - 18750. Determine h(-28).
-18
Let a(d) = 3*d + 208. Give a(-53).
49
Let i(k) = -k**3 - 8*k**2 - 24*k - 38. Calculate i(-3).
-11
Let t(a) = -107*a - 1864. Calculate t(-15).
-259
Let k(v) = v**3 - 62*v**2 + 124*v - 206. What is k(60)?
34
Let y(i) = 11*i + 63. Give y(0).
63
Let c(k) = -2*k**3 - 7*k**2 + 834*k + 1666. What is c(-2)?
-14
Let j(a) = 2637*a - 13211. What is j(5)?
-26
Let o(k) = 175*k - 2839. Give o(14).
-389
Let u(s) = 10*s**2 - 95*s - 82. What is u(10)?
-32
Let h(y) = -1720*y + 15462. What is h(9)?
-18
Let d(p) = 53*p**2 + 26*p - 24. What is d(1)?
55
Let g(k) = -k**2 + 47*k + 1605. What is g(70)?
-5
Let w(d) = 2*d**2 + 93*d + 132. Determine w(-47).
179
Let m(q) = -10*q**2 - 73*q - 121. Calculate m(-2).
-15
Let s(d) = -8*d**2 - 84*d + 273. What is s(-13)?
13
Let a(n) = -2*n**3 + 9*n**2 - 27*n + 117. Determine a(5).
-43
Let j(o) = 247*o + 2722. Determine j(-11).
5
Let n(g) = 3*g**2 - 18*g - 60. Determine n(-3).
21
Let c(x) = 781*x - 786. What is c(1)?
-5
Let f(r) = 80*r + 13562. What is f(-170)?
-38
Let y(l) = -18*l - 294. Give y(-16).
-6
Let o(x) = x**3 + 13*x**2 - 74*x - 97. What is o(-17)?
5
Let y(s) = -1721*s + 15. Give y(0).
15
Let o(h) = -5*h**2 - 708*h - 401. Calculate o(-141).
22
Let n(d) = -25*d + 740. Give n(32).
-60
Let r(k) = k**3 + 58*k**2 + 160*k - 141. What is r(-55)?
134
Let c(h) = 2*h**2 + 39*h + 66. What is c(-18)?
12
Let f(g) = 11*g**2 + 570*g - 2263. Determine f(4).
193
Let d(u) = -2*u**2 - 30*u - 38. Calculate d(-9).
70
Let q(t) = 53*t + 181. Determine q(-4).
-31
Let h(i) = -52*i**2 + 205*i + 7. Give h(4).
-5
Let v(s) = -3*s**3 - 2*s**2 + 1437*s + 2866. Determine v(-2).
8
Let w(u) = u**3 - u**2 - 2*u - 4. Give w(0).
-4
Let b(a) = -a**3 - 14*a**2 + 32*a - 33. Determine b(-16).
-33
Let o(c) = c**3 + 45*c**2 - 10*c - 462. Give o(-45).
-12
Let k(y) = 155*y - 3432. Calculate k(22).
-22
Let q(i) = 2*i**3 + 9*i - 27. Give q(2).
7
Let r(f) = -128*f + 748. Calculate r(5).
108
Let p(a) = 14*a**2 + 21*a - 92. Determine p(3).
97
Let r(y) = -y**2 - 566*y - 14031. What is r(-26)?
9
Let i(f) = -9*f**3 + 12*f + 30. Calculate i(-2).
78
Let f(n) = -19*n - 266. What is f(9)?
-437
Let o(u) = u**3 + 33*u**2 - 1372*u - 235. Determine o(-57)